3*v - v - 13*v**2 + 14*v**2. Determine b(5).
-1
Let d(t) be the second derivative of 3*t + 1/6*t**3 - 1/20*t**5 + 0*t**2 + 0 - 1/4*t**4. Calculate d(-4).
12
Let u(o) = -o**2 + 7*o - 9. Let n(r) = r**3 - 4*r**2 - 3*r - 4. Suppose -5*z + 2 = -23. Let m be n(z). Calculate u(m).
-3
Let s = 41 + -19. Let u = 41 - s. Suppose -3*h - 2*c = -u, -5 = 4*h - 4*c + 3. Let x(o) = o**2 - 2*o + 2. Determine x(h).
5
Let k be (-6)/8*(-8)/3. Let o(y) = 0 + 2*y**2 - 3*y**2 + k*y - 9*y - 1. Suppose -3*p - 4 = -2*l + 11, -3*p + l = 15. Determine o(p).
9
Let u = 14 - 8. Suppose l + 1 = 3. Let m(z) = z**l + 0*z + 2*z - 8*z + 5. Determine m(u).
5
Suppose 33 = 6*b - 15. Let w(g) = -2*g + 11. Determine w(b).
-5
Let x be (-2)/1*(-8)/16. Let u(q) = 11*q - 1. Give u(x).
10
Let w(n) = -n - 1. Let j = -16 - -11. What is w(j)?
4
Let q(w) = w**3 + 2*w**2 + w + 2. Let j = -151 - -149. Calculate q(j).
0
Let k(u) be the second derivative of u**4/12 - 7*u**3/6 + 3*u**2 - 3*u. What is k(7)?
6
Let f be (5/10)/((-1)/8). Let y(a) = a**2 - 2*a + 9*a - a + 5. What is y(f)?
-3
Let g(v) be the third derivative of -v**5/60 + v**4/4 + v**3 - 18*v**2. Determine g(7).
-1
Let q(m) = -m - 8. Let u be q(0). Let y be u/(-6)*(-6)/4. Let l(s) = 1 + s - 4*s - 2 - s**2. Determine l(y).
1
Let t(j) = j**2 - 4*j - 4. Let k be (2/(-4))/((-6)/24). Let a be (k + -1)/((-2)/8). Let r = a + 8. Give t(r).
-4
Let c(x) = x**2 + 4*x - 4. Suppose 4*i - 6 - 2 = 0. Suppose 3*g = 9, i + 3 = -5*v - 5*g. Determine c(v).
-4
Let m(x) be the second derivative of x**6/720 - x**5/20 + x**4/6 + 2*x. Let i(l) be the third derivative of m(l). Give i(-5).
-11
Let t be 4/(-2) + (-2 - 0). Let p(m) = m**2 + 7*m + 6. Let b be p(t). Let i(w) = -w - 13. Determine i(b).
-7
Suppose 0*t = -t. Suppose t = -3*h + i - 18, -3*h + i = -4*i + 18. Let s(l) = -1. Let v(b) = 2*b + 12. Let a(p) = 4*s(p) + v(p). Calculate a(h).
-4
Let d be 2 + 3 + -10 + 5. Let k(c) = -c. What is k(d)?
0
Let h(p) = -2*p**2 - 5*p + 12. Let b be h(-5). Let i(n) = n**2 + 6*n - 8. Let s be i(-6). Let y = s - b. Let z(a) = a - 4. Give z(y).
1
Let c be (2 + -1)*(-7 - (-2 + -4)). Let u(b) be the first derivative of 2 + 11/4*b**4 + 0*b - 1/2*b**2 - 2/3*b**3. Determine u(c).
-12
Suppose -18*a - 24 = -6. Let j(k) = 3*k**3 + 6*k**2 + 4*k - 1. Let h(g) = g**2 + g. Let x(l) = 6*h(l) - j(l). Determine x(a).
2
Let j = 4 - 4. Let r(a) = -5 + 0*a + 2*a**2 + 6 + j*a. Give r(1).
3
Suppose -10 + 1 = 3*l. Let u(q) = -q**3 - 3*q**2 + 3*q - 3. What is u(l)?
-12
Let o = -1 - -2. Let x(w) = 3*w**2. Let g(n) = 4*n**2 - 1. Let j(k) = 2*g(k) - 3*x(k). Let a(t) be the first derivative of j(t). What is a(o)?
-2
Let s(r) be the second derivative of r**4/12 + r**3/6 - r**2/2 + 25*r. Give s(-3).
5
Let g(q) = q - 8. Suppose 5*h - k - 15 = -6*k, 0 = 3*h + 5*k - 9. Suppose h*p = 2*v, 0 = 3*p + p + 3*v. Give g(p).
-8
Let z(u) = -u**2 - 8*u - 9. Let y be z(-6). Let t(c) be the first derivative of -c**2 + 4 - 4*c + 1/3*c**3. What is t(y)?
-1
Let u(i) be the second derivative of -i**5/30 - i**4/12 - i**3/6 - i**2/2 - 5*i. Let b(w) be the first derivative of u(w). What is b(-2)?
-5
Let f(m) = -m**2 + 8*m - 4. Let q be f(8). Let s(h) = -h - 2. Determine s(q).
2
Let m be 3*(-2)/(-8) + 3/(-6). Let t(a) be the third derivative of -m*a**4 + 3*a**2 + 1/10*a**5 - 1/120*a**6 + 1/2*a**3 + 0 + 0*a. Determine t(4).
11
Let b(g) be the first derivative of g**6/120 + g**5/60 - g**4/8 + 2*g**3/3 + 2*g**2 - 1. Let u(r) be the second derivative of b(r). Determine u(-3).
-5
Let u be 2/9 + (-29)/9. Let p = 10 - 7. Let b(y) = p*y + y + 3 - 3*y. Give b(u).
0
Let w(f) = -5*f - 2. Let v(i) = 14*i + 5. Let x(h) = 6*v(h) + 17*w(h). Give x(0).
-4
Let f be (-4)/(2 - 24/9). Let m(h) = h**3 - 5*h**2 - 8*h - 2. What is m(f)?
-14
Let j(m) = -m**2 + 3*m + 1. Let y = 32 - 29. Give j(y).
1
Let w(c) = -2 + 3 + 4*c - c**2 - 5. Let x(q) = 2*q**2 + 2*q - 1. Suppose -5 = m, -3*s + 4*m + 19 = -m. Let n be x(s). Calculate w(n).
-1
Suppose -3*v + 9 - 3 = 0. Let c be (4/(-2))/2 - v. Let l(u) = -u. Give l(c).
3
Let l(y) = -y**2 - 5*y - 6. Let p(f) = -f**2 + 5*f. Suppose -c + 4*c - 24 = 0. Let g be p(c). Let d be (-3 + g/(-9))*15. Determine l(d).
-6
Suppose 0 = 4*a - 9*a - 40. Let f be (-62)/a + 2/8. Let w be (-40)/(-18) + f/(-36). Let q(o) = o**3 - 3*o + 1. What is q(w)?
3
Let i(k) = k**2 + 6*k - 2. Suppose 14 = -4*a - 10. Give i(a).
-2
Let q(a) = 2*a**2 - 3*a - 4. Let f(p) = -p**2 + p - 1. Let u(g) = 3*f(g) + q(g). What is u(0)?
-7
Let q(g) = -g**2 + 5*g - 3. Let s be 6 + 5/(15/(-9)). Give q(s).
3
Let f be (-5)/15*-6*2. Suppose 4*k = f*w - 4, -3*w = 2*k - 6*w. Let i be 2 - (3 - k)/2. Let z(r) = 6*r + 1. What is z(i)?
-5
Let u(l) = -2*l + 3. Let o be u(3). Let t(v) = 13*v + 3. Let k(a) = 32*a + 8. Let p(w) = -5*k(w) + 12*t(w). Calculate p(o).
8
Let r(h) be the first derivative of h**4/4 - 4*h**3/3 + 3*h**2/2 + 3*h + 13. Determine r(3).
3
Suppose -4*f + 20 = -8*f. Let g be f/3 - 1/3. Let l(d) = -3 + 3 + 4*d. Determine l(g).
-8
Let j(w) = -2*w + 2 + 5*w - 4 - 2. Let b = 14 - 9. Suppose -20 = -b*n - 5. Give j(n).
5
Let o(w) = 13*w - 11*w + 1 + 2. Calculate o(-2).
-1
Suppose 0 = 7*i - 3*i. Suppose -4 = -i*m - 2*m. Let c(a) = -5 - 6*a**2 + 3*a**2 + 1 + 2 + 3*a. Calculate c(m).
-8
Let n(z) = -3*z**3 - 3*z**3 - z**3. Let s = 174 + -175. Determine n(s).
7
Let o = -13 + 8. Let q(y) = -3*y - 5. What is q(o)?
10
Let r(c) = 4*c**2 + c + 1. Let h be r(-1). Suppose 8 = -h*x - i - i, 8 = x - 2*i. Let q(k) = -k**2 - k + 3. Calculate q(x).
3
Let r(h) be the second derivative of h**6/360 - h**5/30 - h**4/6 - 5*h**3/6 - 2*h. Let i(x) be the second derivative of r(x). Determine i(4).
-4
Suppose 0 = 6*h - 3*h - 12. Let j(a) = a**2 - 3*a + 6. Let c(w) = -w**2 + 3*w - 5. Let o(g) = 5*c(g) + 4*j(g). Calculate o(h).
-5
Let s be (2/(-6))/(1/(-6)). Let j = s + -2. Suppose -5*k = 20 - j. Let g(z) = -z + 4. What is g(k)?
8
Let y(d) = -1 - 13*d + 4*d + 5*d. Let z(b) = b - 2. Let s be z(3). What is y(s)?
-5
Let c(d) = -d - 3 + 3 + 5 + 5. Calculate c(7).
3
Suppose -4*j = -c - 6*j + 2, 4*c = j - 1. Let r(o) = 0*o**3 + o**3 - 4 - 6*o**2 + 5*o + c*o**3. Determine r(5).
-4
Let t(k) = k**2 - 6*k - 1. Let w(i) = -i. Let h(b) = t(b) - 3*w(b). Calculate h(-2).
9
Let q(h) be the first derivative of h**4/4 - h**3/3 - 10*h - 62. What is q(0)?
-10
Let r = -1 + 4. Let g = r - -1. Let m(d) = d**3 - 3*d**2 - 3*d + 1. Give m(g).
5
Suppose -4 = -5*p + 7*p. Let s(j) be the third derivative of j**5/30 - j**3/6 + j**2. Give s(p).
7
Let a(c) = -c - 4*c + 4*c - 3*c**2. Let m(n) = 38*n - 151. Let r be m(4). What is a(r)?
-4
Let z = -3 + 6. Suppose 0 = 5*d + 2*c - 14, 4*c - z - 5 = -5*d. Let u(m) = m**2 - 4*m - 1. What is u(d)?
-1
Let s(z) = -z - 10*z**2 + 36*z**2 - 22*z**2. Give s(-2).
18
Let s(p) be the third derivative of -p**4/24 + p**3/6 - 15*p**2. What is s(-6)?
7
Let i(g) be the third derivative of g**8/20160 + g**7/720 - g**6/90 - g**5/60 - 8*g**2. Let q(b) be the third derivative of i(b). Calculate q(-8).
0
Suppose -i = 2*o - 3, 2*o - o = 4*i + 15. Let s(v) = 2*v - 1. Calculate s(i).
-7
Suppose 3*d = t + 85, 4*t + t = -d + 55. Let v = d + -23. Let a(r) = -r**2 + 6*r - 1. Calculate a(v).
-8
Let n(u) be the third derivative of -7*u**2 + 0*u + 1/6*u**3 - 1/60*u**5 - 1/6*u**4 + 0. Calculate n(-5).
-4
Let q(w) = -2*w**2 - 47 + w**2 + 52 - 3*w. What is q(-4)?
1
Suppose 6*a - 6 = 5*a. Let t(l) = -l**3 + 5*l**2 + 6*l + 1. Determine t(a).
1
Let c(y) be the third derivative of -y**7/2520 + y**6/144 - y**5/120 - y**4/12 + 2*y**2. Let s(f) be the second derivative of c(f). Determine s(6).
-7
Suppose 0 = -k - 2*m - 7, -3*m - 14 - 4 = 3*k. Let a = 6 + k. Let i(b) be the second derivative of b**5/2 + b**4/12 - b**3/3 + b**2/2 - b. Calculate i(a).
10
Let i(s) be the first derivative of s**4/4 + 5*s**3/3 + 7*s**2/2 + 4*s - 3. Calculate i(-4).
-8
Let k(q) = -q**2 - 5*q + 4. Suppose -5*a - 14 - 41 = 0. Let y = a + 6. What is k(y)?
4
Let c(k) = -k**3 + 4*k**2 + 2*k - 1. Let d(a) = -a**3 - a - 1. Suppose -1 = 3*v - 7. Let j(g) = v*d(g) - c(g). Let m be j(-3). Let s(x) = -x + 2. Give s(m).
0
Let t = 75 - 78. Let k(z) be the second derivative of z**4/12 + z**3/2 + 3*z**2/2 + z. Determine k(t).
3
Suppose 14 = -5*m + 4. Let u(x) = -1 - 12*x + 26*x - 19*x - x**2. Determine u(m).
5
Let t(l) = l + 8. Suppose 0*c + 5*